4). What is the highest common divisor of 6 and l?
6
Let f be (-51 + (2 - 6))/(4/(-68)). What is the greatest common divisor of f and 55?
55
Let z(y) be the second derivative of -y**3/3 - 7*y. Let k be z(-1). What is the greatest common factor of k and 10?
2
Let v be 97/2*(0 - -2). Suppose 0 = -4*x + 123 + v. Suppose -5*i = -2*n - 2*n - 55, -2*i - 4*n + 22 = 0. Calculate the greatest common factor of i and x.
11
Let c(k) = -k**3 + 3*k**2 + 3*k - 4. Let f be c(3). Suppose -200 = -f*i + i. What is the greatest common factor of i and 25?
25
Let b be 1/4 - 735/60. Let x be 32/b*21/(-4). What is the highest common divisor of x and 21?
7
Suppose 5*t - 4 = 6, 3*v - t - 13 = 0. Let s be ((-5)/(-3))/(v/180). What is the greatest common divisor of s and 30?
30
Let n be (-5*12/30)/(2/(-15)). Let y be 14*9/30*n. What is the greatest common factor of 9 and y?
9
Suppose 4*s + 222 = d - 0*s, 3*d = -2*s + 596. Let b be d/6 - 4/6. Let h(g) = g**2 + 2*g - 36. Let n be h(-21). Calculate the highest common divisor of b and n.
33
Let m = -287 - -299. Calculate the greatest common factor of 228 and m.
12
Let u = -36 - -141. Let t = -391 + 412. Calculate the greatest common factor of t and u.
21
Let s(v) = v**3 + 4*v**2 - 15*v - 2. Let p be s(3). What is the greatest common factor of 432 and p?
16
Suppose 0 = 4*n - n - 87. Let z be 0 - (703 - 7)/(-8). What is the highest common factor of z and n?
29
Let m(u) = -3*u + u - 11 + 0*u. Let l(x) = -x**3 + 3*x**2 - 3*x - 4. Let t be l(3). Let w be m(t). What is the greatest common divisor of 60 and w?
15
Let a be (-2 + (-2 - -6))/(-9 + 10). What is the highest common factor of a and 32?
2
Let k(q) = -4*q**2 - q + 15. Let j(o) = 7*o**2 + o - 29. Let a(m) = 3*j(m) + 5*k(m). Let p be a(6). Calculate the greatest common divisor of 18 and p.
6
Suppose -5*n = -60 - 140. Suppose 0 = -4*o + n - 144. Let a be (-56)/(-10) + o/(-65). What is the greatest common divisor of 6 and a?
6
Let v = 88 - 58. Let i be (-214)/(-10) - 12/v. Suppose 0 = 2*q - 5 - 289. Calculate the highest common divisor of i and q.
21
Suppose 2365 - 2185 = 3*k. What is the highest common factor of k and 228?
12
Let q = -136 - -173. Let i be 1 + 1 + 0 + -24. Let s = i + q. Calculate the greatest common divisor of s and 45.
15
Let l be 252 - (-7 - 5 - -8). Calculate the highest common factor of l and 352.
32
Let z = 89 + -5. Let d be 6/4 - z/24. Let h be 1550/20 + d/4. Calculate the highest common factor of h and 11.
11
Let m be 3/((8/(-20))/(-2)) - 1. Suppose -7*v + 3*v + 48 = 0. Let j be 130 + -3*v/9. What is the highest common divisor of m and j?
14
Let u = 373 + -341. Calculate the highest common factor of u and 40.
8
Let h be 20/(-1)*(234/(-65) - 6). Calculate the highest common divisor of h and 12.
12
Let z = -491 - -521. Suppose 4*h + d - 176 = 0, 41 = h - d + 2*d. Calculate the highest common divisor of h and z.
15
Let r(q) = q**2 + 11*q + 30. Suppose -3*n + 16 - 61 = 0. Let l be r(n). Let i be 18*2*2/4. What is the highest common divisor of l and i?
18
Suppose -x - 4*y = -25, -4*x + 3*y + 81 = -0*x. Let s = 253 + -85. What is the highest common factor of x and s?
21
Suppose 0 = 7*v - 99 - 76. What is the highest common factor of v and 625?
25
Suppose 3*b + b = 8. Let q be (15/(-6))/(b/(-92)). Suppose -51 = -2*k - 2*c + 5*c, q = 5*k + 5*c. What is the highest common divisor of 36 and k?
12
Let v = -16 + 186. Suppose -7*o = 3*o - v. What is the highest common factor of 187 and o?
17
Suppose 2*y - 6 + 32 = 0. Let p(o) = o + 43. Let i be p(y). Suppose 8*x - 3*x - 4*f = 58, -2*x = -5*f - 30. Calculate the highest common factor of i and x.
10
Let l(u) = 5*u**2 - 16*u + 48. Let k be l(-6). Calculate the highest common factor of 16 and k.
4
Let w be (5 - 182/(-4))/(2/4). Let j = w + -56. Calculate the greatest common factor of j and 18.
9
Let g be (-37050)/(-1755) + 8/9. Calculate the highest common divisor of g and 86.
2
Let z(s) = -s**3 + 1. Let c(o) = -10*o**3 - 2*o**2 - 2*o - 2. Let t(k) = c(k) + 2*z(k). Let l be t(-1). Calculate the highest common factor of 36 and l.
12
Let f = -93 + 142. What is the greatest common divisor of 441 and f?
49
Let k = -164 - -172. Let o = 23 - -9. What is the greatest common divisor of o and k?
8
Let l(d) = -17*d - 563. Let u be l(-37). What is the greatest common divisor of 6 and u?
6
Let h(r) = r**3 + 8*r**2 + 9*r + 16. Let p be h(-7). Suppose 0 = s - p*s - 3*k + 156, 3*k = 3. What is the highest common factor of 17 and s?
17
Let k(y) = 33*y**2 + 30*y - 13. Let d be k(5). What is the highest common factor of d and 26?
26
Suppose -5*m + 123 - 23 = -x, -2*m + 5*x + 17 = 0. Suppose -18*b - 510 = -m*b. What is the greatest common factor of b and 34?
34
Let n(j) = 42*j**3 - j**2 + 2. Let k be n(2). Let r = 230 - k. Let d be r/(-6) + 14/21. What is the greatest common divisor of 54 and d?
18
Let j = 119 - 115. Suppose j*y + 6 = 3*y + 4*v, -3*y + 3*v = 0. Calculate the highest common factor of 4 and y.
2
Let n(h) = 12*h + 6. Let i be n(1). Suppose i = 2*m - 4. Calculate the greatest common divisor of 1 and m.
1
Let a(g) = g**2 + 2*g + 6. Let q be (4 + -2 + 0)*2. Let x = q - 10. Let l be a(x). What is the highest common divisor of 12 and l?
6
Let p = 117 + -73. Let f be 13/(-4) + (-33)/p. Let n be (f + 1)*40/(-12). What is the highest common divisor of 30 and n?
10
Suppose 48*f = 50*f - 288. Calculate the greatest common divisor of 16 and f.
16
Suppose 5*p + 27 = 3*r + 6, 5*p = -15. Let t be (-1)/(3 + -2) - -9. What is the greatest common factor of r and t?
2
Suppose 5*v = 5*n + 115, 4*v = 2*v - 6. Let d be ((-126)/12)/7 - n/4. What is the highest common divisor of d and 25?
5
Let i(p) = 10*p**3 - 2*p**2 + 2*p - 1. Suppose 5*g - 3*g = 2. Let x be i(g). Suppose x*c - 300 = 4*c. What is the greatest common factor of 12 and c?
12
Suppose 5*d + 4 = -11. Let n be d/(-1 + (-164)/(-176)). What is the highest common divisor of n and 110?
22
Suppose 5 = -3*o + 4*o. Suppose 1 = -3*h + n + 5, 2*n = o*h - 7. Suppose 3*i - v - 7 = -1, -3*v + 4 = 2*i. Calculate the highest common factor of h and i.
1
Suppose 11*k - 21*k = -540. What is the highest common factor of 72 and k?
18
Let g be ((-8946)/(-189))/(3/(-9)*-2). What is the greatest common factor of 2 and g?
1
Suppose -2*q + 9671 = -1599. Let r be ((-10)/6 - -1) + q/69. What is the highest common divisor of 27 and r?
27
Let d = -54 + 173. Let q be (-7 - -9) + d - (0 + 1). What is the highest common factor of q and 80?
40
Let u be ((-740)/(-90)*3)/(4/6). What is the highest common factor of u and 407?
37
Let o = -11855 + 11905. Let z be (50/6)/((-2)/(-6)). What is the greatest common factor of o and z?
25
Let n be 4 + (-1)/(1/2). Calculate the greatest common factor of 22 and n.
2
Let b be ((-884)/(-65) - (-4)/10) + -4. What is the greatest common factor of 250 and b?
10
Let l(d) = 9*d**2 - 35*d - 23. Let c be l(5). What is the highest common factor of 675 and c?
27
Let r = -1 - -10. Let v be 8/6 - (-1172)/12. Calculate the highest common divisor of r and v.
9
Let b be 2/(-12) - 5947/(-114). Calculate the greatest common factor of b and 988.
52
Suppose 5*r = 25, -2*l + r = 8 - 41. Calculate the highest common factor of 475 and l.
19
Let y(n) = -n**3 - 33*n**2 - 65*n - 46. Let i be y(-31). What is the highest common divisor of 329 and i?
47
Suppose -15*d + 12*d = -3*x + 4923, 4*d = 2*x - 3274. Calculate the highest common factor of x and 35.
35
Let n be ((-50)/(-4))/(-8*(-12)/384). What is the highest common divisor of 60 and n?
10
Let x(z) = 12*z - 192. Let d be x(28). What is the greatest common divisor of 32 and d?
16
Let o = -24 - -36. Let y be (-1989)/(-12) + o/(-16). Suppose 0 = -10*t + 5*t + y. Calculate the highest common factor of t and 3.
3
Let f = -31 + 159. Calculate the highest common factor of 8 and f.
8
Let h = 46 - 41. Suppose -1 = -3*l + h. Suppose -42 = -t - l*t. What is the highest common divisor of 21 and t?
7
Suppose 0 = -3*u - 32 - 22. Let k = 63 + u. Calculate the highest common divisor of k and 5.
5
Let y = 7 + -4. Suppose -16 = -i - y*h, 1 = -i + 3*h - 7. Suppose 0*k + 392 = 3*k + i*u, -261 = -2*k - 3*u. What is the highest common divisor of 12 and k?
12
Let i(m) = -m**2 - 27*m - 130. Let v be i(-9). Calculate the highest common factor of v and 8.
8
Let l(x) = 9*x + 